 + -2.
30
Suppose 1092*a = 1080*a + 492. Calculate the remainder when 13731 is divided by a.
37
Let y(l) = 20*l**2 - l. Suppose -1 - 1 = i. Let d = -1695 - -1709. Calculate the remainder when y(i) is divided by d.
12
Let y = -2 + 4. Calculate the remainder when 6 - (2 + 11*(-14)/(-77)) - -8 is divided by y.
0
Let o(q) = 5*q**2 + 16*q - 31. Let z be 5 - (1 + 5) - (-3 + 0). What is the remainder when 78 is divided by o(z)?
15
Suppose 4*i - 1329 - 1131 = -o, 0 = -i + 9. What is the remainder when o is divided by 33?
15
Let k = 19132 + -18969. Calculate the remainder when 13690 is divided by k.
161
Let r(o) be the first derivative of -3*o**2/2 + 65*o - 7. What is the remainder when r(21) is divided by -1 + 1 + (1 - 0)?
0
Suppose 2*a = -5*t - 19, -a - t - 17 = 3*t. Suppose 5*h - 1670 = 4*x - 71, -3*h - a*x = -981. What is the remainder when h is divided by 54?
53
Suppose -3*w - 8*w - 2596 = 0. Let p = -127 - w. Let c = -97 + p. What is the remainder when 82 is divided by c?
10
Suppose 25 = 2*m - 5*i, -i = -m - 2*i - 5. Suppose f - 1 = 0, -3*y = -5*f - m*f - 31. What is the remainder when 201*(10/(-6) + 2) is divided by y?
7
Suppose -n - 15*a + 33 = -14*a, 2*n - 4*a - 96 = 0. What is the remainder when 426 is divided by n?
8
Suppose -42563 = 156*c - 139751. What is the remainder when c is divided by 206?
5
Suppose 0 = -2*n + 3*r + 58, -4*r - 35 = -3*n + 50. Suppose 471 = 13*u - n. Calculate the remainder when 87 is divided by u.
11
Let b(i) = -11*i + 146. Let w be b(13). Suppose -y = 3*r - 131, r - 5 = -w*y + 52. What is the remainder when r is divided by 40?
2
Suppose -21 + 72 = 3*a. Suppose -2348 = -153*v + 5469 + 4729. What is the remainder when v is divided by a?
14
Let q(z) = 2*z**3 + 100*z**2 + 123*z + 1292. Calculate the remainder when 941 is divided by q(-49).
3
Suppose -20 = -5*h, 4*d - h = -5*h + 88. What is the remainder when 51 is divided by d?
15
Let j(c) = -c**3 + 17*c**2 + 12*c - 184. What is the remainder when 1154 is divided by j(17)?
14
Let c(s) = 144*s + 9. Let t be c(2). Suppose 13*h - 509 = t. What is the remainder when h is divided by 13?
10
Let a(p) = -470*p + 4065. What is the remainder when a(6) is divided by 39?
36
Suppose -31*v + 32*v + 415 = 3*s, 3*s = 4*v + 418. Suppose d = s - 126. Calculate the remainder when ((-2)/5)/(2/(-90)) is divided by d.
6
Let r = 551 + -534. Suppose -2*m - 640 = -5*z, r*z - 14*z - 384 = -5*m. Calculate the remainder when 139 is divided by z.
11
Let w(g) = 2*g**2 - 3*g - 2. Suppose 65 = -13*n - 52. What is the remainder when w(-3) is divided by ((-26)/3)/(n/((-54)/(-4)))?
12
Suppose -4095 = -984*s + 981*s. What is the remainder when s is divided by 19?
16
Let c = -5132 - -5163. What is the remainder when 152 is divided by c?
28
Let q(j) = -2*j**3 - 44*j**2 + 335*j + 29. Calculate the remainder when 735 is divided by q(6).
22
Suppose -4*q + 92 = 20. Let f(k) = k**3 + 24*k**2 + 26*k + 34. Let a be f(-23). Let c = a - -85. What is the remainder when c is divided by q?
14
Let h(m) = -12*m - 19. Let z be h(-2). Suppose 3*f - 198 = 2*i, -21*f + z*i + 53 = -20*f. Calculate the remainder when f is divided by 53.
15
Suppose -4*c + 4*z - 10 = -18, -3*z = -c - 4. Calculate the remainder when 419 is divided by c.
4
Suppose 4*r - 247 = 101. Let j = 22277 - 22224. Calculate the remainder when r is divided by j.
34
What is the remainder when (68/(-11) - -6) + (-1454)/(-11) is divided by 93?
39
Suppose -7050 + 3990 = -12*n. What is the remainder when n is divided by 39?
21
Let r = -2306 - -2326. What is the remainder when 879 is divided by r?
19
Suppose -29*b + 19*b = -80. Suppose -5*r - l = -20, -3*l + 6*l = 15. Calculate the remainder when 31 + r/(-2)*2 is divided by b.
4
Let i = 2666 + -2546. Calculate the remainder when i is divided by 62.
58
Let i = -203 - -194. Calculate the remainder when i/((-9)/(-58))*(-3 - 4) is divided by 59.
52
Let c be (6*-1)/(5/30). Let p = 39 + c. Suppose x - 3*b - 20 = 0, 0*x = -p*x + 4*b + 60. Calculate the remainder when x is divided by 11.
9
Let a(v) = 5*v**2 - 11*v - 11. Let s be a(5). Suppose -s = -8*o + 125. What is the remainder when 73 is divided by o?
4
Calculate the remainder when (-64883)/(-124) - 2/8 is divided by 33.
28
Suppose -20*v - 563 = -923. What is the remainder when 197 is divided by v?
17
Let d(t) = -49*t**2 + t - 4. Let s(c) = -294*c**2 + 5*c - 22. Let r(o) = 34*d(o) - 6*s(o). What is the remainder when r(1) is divided by 6?
2
Suppose -164*t - 206 + 7144 + 33734 = 0. Calculate the remainder when t is divided by 28.
24
Let r be (44/4)/(-3*(-2)/66). Let x = 121 - r. Suppose 33 = 3*v - x. What is the remainder when v is divided by 4?
3
Let t = 1246 - 1178. Calculate the remainder when 517 is divided by t.
41
Let l(z) = -841*z**3 - 8*z**2 - 4*z + 3. Calculate the remainder when 851 is divided by l(-1).
11
Suppose 3*o - 592 = -2*z, 0*o + 2*o - 3*z = 412. Suppose -106*i + 14560 = 45*i + 57*i. What is the remainder when o is divided by i?
60
Suppose 65 = 5*f - 5*u, -u = -2 - 2. Suppose 2 = k, -2*a + 130 + 166 = -3*k. Calculate the remainder when a is divided by f.
15
Suppose -17*r + 11*r = 48. Let d(k) = k + 90. Suppose -o = 2*o - 126. Calculate the remainder when d(r) is divided by o.
40
Suppose -2*a - 284 - 190 = -5*t, 0 = -4*t - 5*a + 399. Suppose 2 = -d, 4*d + 19 + 39 = 2*f. Calculate the remainder when t is divided by f.
21
Let r = -36 + 66. Let g be 3686/r + (-6)/(-45) + 3. Let h = 150 - g. Calculate the remainder when 143 is divided by h.
23
Calculate the remainder when 5652 is divided by 241 + 35/((-525)/(-240)).
255
Let p(o) = o + 312. Let t be p(0). Suppose 4*j - 8*j = -4*k - t, 2*k = 2. Calculate the remainder when j is divided by 16.
15
Suppose 30*p - 1666 = 28*p - 5*p. What is the remainder when p is divided by 74?
16
Let y = -5978 + 10732. Calculate the remainder when y is divided by 183.
179
Suppose -4*a - 4*n + 96 = 0, -4*a + 0 = -4*n - 64. Suppose 52*w - a = 51*w. Let m = -8 + 11. What is the remainder when w is divided by m?
2
Let q be (-4)/20 - 109/5. Let m = -8 - q. Suppose 13*x - 551 - 320 = 0. Calculate the remainder when x is divided by m.
11
Let d(s) = 18*s**2 + 117*s - 1. Calculate the remainder when 303 is divided by d(-7).
55
What is the remainder when 76 is divided by (-52)/(-8)*(-8052)/(-793)?
10
Let v = 408 - 255. Calculate the remainder when v is divided by 87.
66
Suppose 4*m - 4*m - 198 = -18*m. What is the remainder when 3407 is divided by m?
8
Let h(p) be the first derivative of -13*p**2/2 - 46*p + 14. What is the remainder when h(-11) is divided by 10?
7
Let p = 15 + -14. Let i be (p*(-6)/5)/((-99)/660). Suppose -i*h + 4*h + 64 = 2*c, -c = -5*h + 80. What is the remainder when 75 is divided by h?
11
Let d = 120 + -63. Calculate the remainder when d is divided by ((-2)/(-2))/((-306)/(-4590)).
12
Let f = -422 + 455. What is the remainder when 2175 is divided by f?
30
Suppose 25 = -u + 47. Let s = 208 - u. Calculate the remainder when s is divided by 10.
6
Suppose -5*g - m + 499 = 366, -129 = -5*g - 3*m. What is the remainder when 259 is divided by g?
16
Let p(l) = 4*l**2 - 58*l - 14. Calculate the remainder when 7341 is divided by p(15).
13
Suppose 4*j - 216 = -2*x, 3*j - 1 = 8. What is the remainder when x is divided by 49?
4
Suppose -5*y - 2*s + 424 = 0, s = -3*y + 310 - 56. What is the remainder when 195 is divided by y?
27
Let f be -16*((-105)/(-10))/(-3*1). Let y = 27 - 51. Let d = f + y. Calculate the remainder when 125 is divided by d.
29
Suppose -9*l + 5*l + 976 = 4*c, 3*c - 722 = -l. Let r(z) = z**2 + 41*z - 140. Suppose -16*p - 2250 = 34*p. Calculate the remainder when c is divided by r(p).
39
Let d(a) = 3*a + 31. Suppose -2*o + 2*w = -2*w - 52, -3*o = -w - 78. Suppose j = o + 9. What is the remainder when j is divided by d(-6)?
9
Suppose 0 = -16*m + 12*m + 232. Let o = m + -26. Let j = -53 + 58. Calculate the remainder when o is divided by j.
2
Suppose a - 209 = 3*i, 5*a + 5*i = i + 988. What is the remainder when a is divided by 23?
16
Let q = -17 + -4. Let z = 6 - q. What is the remainder when z is divided by (12/(-15))/((-1)/10 + 0)?
3
What is the remainder when 471 is divided by (-75)/(-13 + -5 + 17)?
21
Suppose 59 = 25*b - 41. Suppose -5 + 4 = u + 5*s, -1 = -u - b*s. Calculate the remainder when 26 is divided 